s digit of (35/(-14) + 1)/(3/(-3712))?
5
Suppose -424 = -b - l, -5*l = -4*l - 4. What is the hundreds digit of (b/(-2))/(-1 + 0)?
2
Suppose 3*s = -5*d - 2*s + 25, -6 = -3*s. Suppose -5*n = -10*n + 5*m + 45, 0 = -5*n + d*m + 35. What is the units digit of n?
4
Let w(a) = -110*a + 5. Let k(t) = 439*t - 21. Let g(z) = -2*k(z) - 9*w(z). What is the tens digit of g(1)?
0
Suppose -70*z - 22430 = -95020. What is the tens digit of z?
3
Suppose -5*b = -9*b + 20, -3*b + 790 = -5*z. Let c = -121 - z. What is the units digit of c?
4
Let q(r) = 3*r + 17. Suppose 5*o - 4 = 4*o. Suppose -3*u + 5*k + 1 = -10, 0 = o*u + 3*k - 34. What is the tens digit of q(u)?
3
Let c be (2 + 4)*(-4)/(-6). Suppose p = -3*u - 3*p + 137, c*p = -4. What is the tens digit of u?
4
Let c(d) = -6*d**2 - 6 + 7*d + 7*d**2 - 2 - 3. Let q be c(-9). Suppose -5*v + 14 = -m, 3*m = -2*v + 2*m + q. What is the units digit of v?
3
Suppose -5*b + 112 = -3*i, 0 = -2*b + i - 7 + 51. Suppose -4*t = -36 - b. What is the units digit of 360/t - (-10)/35?
6
Let a = 9 + -4. Let r be (5 - a)/(2/2). Suppose 5*h - 2*j - 94 = r, -2*j = -h - 0*h + 22. What is the tens digit of h?
1
Let w be 1 - ((0 - 7) + 3). Suppose 0 = -2*z + w*s + 386, 3*z + 281 = 3*s + 851. What is the units digit of z?
8
Suppose -5*v - 831 = -w - 61, 3*w - 2375 = 2*v. What is the tens digit of w?
9
Suppose 4 = 4*k - 4. Let y(t) = 4*t + 14 - 11*t + 21*t + t**k. What is the units digit of y(-16)?
6
Let a(t) = 18*t + 3*t**3 + 3*t**3 - 5*t**3 - 32*t**2 + 13*t**2. Let v be a(18). Suppose 3*c + 4*i - 102 = v, -i - 3*i = -c + 50. What is the tens digit of c?
3
Suppose 6*v - 4*v = -12. Let g be v/(-1 - (-3)/(-6)). Suppose g*m - 78 - 30 = 0. What is the tens digit of m?
2
Suppose -25 = -5*q - 0*q. Let l(x) = -2*x - 2. Let r be l(q). Let w = 0 - r. What is the units digit of w?
2
Let i(v) = 877*v - 4. What is the hundreds digit of i(1)?
8
Let f(p) = -13*p + 42. What is the tens digit of f(-4)?
9
Suppose -6*f + 3*f - p = -1048, 0 = 2*f - 2*p - 688. Suppose f + 508 = 4*i. Suppose 0 = -5*s + i - 44. What is the units digit of s?
4
Let q(m) = 2*m - 7. Let w be q(7). Suppose w*h = 5 + 23. Suppose -r + 0*l + 51 = 4*l, h*r - 5*l - 162 = 0. What is the units digit of r?
3
Let z(x) = -4*x**2 + 3 + x**3 + 9*x - 3 + 3 - 2*x**3. Let w(r) = r**2 - 6. Let b be w(0). What is the units digit of z(b)?
1
Suppose -g - 6*g = -14. Suppose r - d = 62, -g*d + 232 = 4*r + 2*d. What is the units digit of r?
0
Suppose -16*f = -13*f - 3, 2*f + 2305 = 3*u. What is the units digit of u?
9
Let r = -1534 + 3250. What is the thousands digit of r?
1
Let d be 10/30*(-2 - -2). Suppose 2*o + 5*n - 201 = -o, d = -5*o - 2*n + 354. What is the units digit of o?
2
Suppose g - i - 2393 = 0, -141*g + 136*g - 2*i = -11930. What is the hundreds digit of g?
3
Let t(i) be the first derivative of 41*i**3/3 + i**2 - i - 3. What is the tens digit of t(1)?
4
What is the thousands digit of 1481 + (-4 + 3 - -8)?
1
What is the units digit of (7 - (-72)/(-6)) + 668?
3
Suppose 1142*m = 1151*m - 7785. What is the tens digit of m?
6
Suppose 61 = -3*s + 4*x - 41, x + 27 = -s. What is the tens digit of (s/9)/((-3)/135)?
5
What is the hundreds digit of (-2 - -9)*1 + 590?
5
Let o(g) = -g**3 - 3*g**2 + 6*g - 4. Let k be o(-5). Suppose -7*n = -3*n - k. What is the tens digit of (n/3)/(-2)*-27?
1
Suppose -4*j - 1224 + 4207 = -3*z, 0 = 4*j + 2*z - 2978. What is the tens digit of j?
4
Suppose 2*w = -w - 4*y + 260, 5*w + y - 405 = 0. Let t = -33 + w. What is the tens digit of t?
4
Let y = -25 + 23. Let o be 8 + -6 + y + 5. What is the units digit of 26 + 0/o + 0?
6
Let b(d) = -4*d**3 - 96*d**2 + d + 14. What is the thousands digit of b(-25)?
2
Let a be 4 - ((-10)/5 + 3). Let u = 20 - a. What is the units digit of u?
7
Let b(d) = -3*d**2 + 2. Let y be b(3). What is the units digit of 4 + 1 - (y + -87)?
7
Let r = -6311 - -9784. What is the hundreds digit of r?
4
Let y = -205 - -360. What is the units digit of y?
5
Suppose -700 = 42*k - 46*k. Suppose 4*d = k + 545. What is the units digit of d?
0
Let p = 2153 + -1288. What is the hundreds digit of p?
8
Suppose 13 = 7*y - 15. What is the hundreds digit of (-87)/(0 - y/8)?
1
Let u be (-3)/30*8 - 1598/(-10). Suppose -u + 10 = -g. What is the units digit of g?
9
Suppose m + 45 = 198. Suppose -t - 2*t = -m. What is the units digit of t?
1
Let l be (-2)/(-5) - 2486/(-10). Suppose 0 = 3*m - 0*d - 3*d - l, -2*m + 160 = 4*d. What is the units digit of m?
2
What is the tens digit of (3*(-3)/9)/(1/(-602))?
0
Let s = 1323 - 488. What is the units digit of s?
5
Let t be 1*-28*(-408)/32. Suppose -5*x - 3*s + 412 + t = 0, -5*x = 4*s - 767. Suppose 0 = -2*c - 3*c + x. What is the tens digit of c?
3
Suppose 4*h - 14622 = -2*n, 0 = -2*n - 0 - 2. What is the units digit of h?
6
Suppose -12*z + 26214 - 7554 = 0. What is the tens digit of z?
5
Let u = -1156 + 1236. What is the units digit of u?
0
Let v(i) be the third derivative of -23*i**6/120 - i**5/30 + i**4/12 + i**3/2 - 18*i**2. What is the units digit of v(-2)?
5
Suppose -s = s - 584. Suppose -4*w + 3*u = s, -35 - 111 = 2*w - 2*u. Let a = -43 - w. What is the units digit of a?
0
Suppose 2*a - 7*a + 10 = 0. Suppose -155 = -3*y - a*y. What is the tens digit of y?
3
Suppose -9*c + 13012 = -1316. What is the tens digit of c?
9
Let h(m) = 3*m**2 + 3*m - 5. Let s(x) = x**2 + x - 1. Let w(b) = h(b) - 4*s(b). Let i be w(-1). What is the units digit of 32/12 - i/3?
3
Suppose 0 = 9*q - 433 - 3635. What is the hundreds digit of q?
4
Let j = 115 + -106. Suppose -j*s + 1960 = -2*s. What is the hundreds digit of s?
2
Let a(f) = f**3 + 5*f**2 + 4*f + 4. Let r be a(-4). Suppose -103 - 48 = -r*z + 5*t, -199 = -5*z - 4*t. What is the tens digit of (-774)/(-39) + 6/z?
2
Let l be (0 - -27)/3 + -3. What is the tens digit of (72/(-14))/(l/(-56))?
4
Suppose h = 242 - 208. What is the tens digit of h?
3
Let r be 18/(6/112*2). Suppose 23 = m - 4*i, 9 = i + 13. Suppose m*v - 11*v + r = 0. What is the tens digit of v?
4
Let a(m) = -m**3 + 7*m**2 - 6*m - 1. Let o be a(9). Let j = o + 338. What is the hundreds digit of j?
1
Let b(y) = -y - 9. Let s be b(-7). Let d be -8 - (-6 - s) - -1. What is the units digit of (d - 12/(-3))*13?
3
Suppose 0 = 18*x - 6*x - 4944. What is the units digit of x?
2
Let n = 403 - 112. What is the units digit of n?
1
Let l(x) = -x**3 - 3*x**2 + 2*x - 4. Let v be l(-4). Suppose -3*c + y + 11 = 0, -v*c = -3*c + 2*y - 13. What is the units digit of c?
5
What is the hundreds digit of 469 + (3 - (-3 - -5))?
4
Let y = 1617 - 1140. Suppose -y = -4*g + 11. What is the tens digit of g?
2
Let o(n) = n**2 - 33*n + 241. What is the tens digit of o(8)?
4
Let u = -1234 + 1884. What is the hundreds digit of u?
6
Let j = 12 + -8. Suppose -7*q + 6 = -j*q. Suppose q*v - 3*v + 9 = 0. What is the units digit of v?
9
Let d = 14 - 9. Suppose -d*o = -2*o. Suppose -4*w + 3*b + 49 = o, -5*w = -b - 78 + 14. What is the tens digit of w?
1
Let m(p) = p**2 - 7*p - 1. Let j be m(5). Let o(t) = -7*t + 44. What is the hundreds digit of o(j)?
1
Let k = 7850 + -3686. What is the hundreds digit of k?
1
Let b(h) = -h + 0*h + 9 + 0*h. Let n be b(5). Suppose n*y - 29 = 67. What is the units digit of y?
4
What is the units digit of (2/5)/((-9)/(-82125)*5)?
0
Let h(b) = 2*b**3 + b**2 - b + 1. Let t be h(1). Let k = t - -27. What is the units digit of k?
0
Suppose -4*n - 67 + 215 = 0. Suppose -58 - 2 = 5*p. Let v = n + p. What is the units digit of v?
5
Let u(k) = -3*k**3 - 13*k**2 + 16*k + 160. What is the hundreds digit of u(-13)?
3
Suppose -3603 = -10*u + 3157. What is the hundreds digit of u?
6
Suppose -2*t = -5*t - 2*r + 1566, 3*t = -4*r + 1572. What is the units digit of t?
0
Let t = 9 - -3. Let i be t*5/(22 - 2). What is the tens digit of (i - (-2 + 6)) + 72?
7
Suppose 2*t = -12*t - 56. What is the units digit of 2/((1/t)/(-1))*14?
2
Suppose 2*c = -c + 24. Suppose c*f = 9*f. Suppose -3*b + 118 = 5*l + b, f = l - 5*b - 41. What is the units digit of l?
6
Let b = -8 + 16. Suppose -t = -2*n - b + 66, -4*n + 104 = 4*t. Let a = n - 9. What is the units digit of a?
9
Let l(y) = 31*y**2 - 160*y + 2. What is the hundreds digit of l(11)?
9
Suppose 959 - 4061 = -3*r. What is the tens digit of r?
3
Let o(n) = -23*n - 4. Let z be o(-3). Let v = 119 - z. Suppose 2*u - 1